ue
Is 11307905299 prime?
True
Is 43617309053 a composite number?
False
Is 2705279827 a prime number?
False
Is 341393491 prime?
True
Is 4130335939 composite?
True
Is 288517429 a prime number?
True
Is 65799814571 a prime number?
True
Is 15930063113 a prime number?
True
Is 40314621433 prime?
True
Is 4806886727 a prime number?
False
Is 2089297709 a prime number?
True
Is 2568084661 composite?
True
Is 68588873239 a composite number?
True
Is 98583427847 composite?
False
Is 236346151 a composite number?
True
Is 18369444931 a prime number?
True
Is 4472294401 prime?
False
Is 9443943755 composite?
True
Is 210182867 composite?
False
Is 1219857791 composite?
True
Is 390235907 a prime number?
False
Is 68450150147 a prime number?
False
Is 1472241689 prime?
False
Is 331828789 a prime number?
False
Is 183365467 a composite number?
False
Is 431144443 a prime number?
False
Is 6687308477 composite?
True
Is 8582353517 a prime number?
True
Is 7787245441 a composite number?
True
Is 168907752473 a prime number?
False
Is 122143213 prime?
True
Is 73632350251 composite?
False
Is 3195054827 prime?
True
Is 5734657 a composite number?
True
Is 4548478607 composite?
False
Is 263122543 composite?
True
Is 14950929229 composite?
True
Is 3362168573 composite?
False
Is 371336379 prime?
False
Is 902538479 prime?
True
Is 20748025163 prime?
True
Is 7700271077 prime?
True
Is 412203269 a composite number?
True
Is 5851058867 a composite number?
False
Is 152621297 a prime number?
True
Is 21897957931 a composite number?
True
Is 1804939597 a composite number?
True
Is 22407299449 a prime number?
False
Is 12565965257 prime?
True
Is 178728168439 composite?
True
Is 19005295919 a prime number?
False
Is 70314049 a composite number?
True
Is 1035468701 composite?
False
Is 294314323 a composite number?
False
Is 1323038879 a prime number?
True
Is 42509813491 a composite number?
False
Is 1982696137 a prime number?
True
Is 10125287 composite?
False
Is 4674064523 a composite number?
False
Is 1541231513 a composite number?
False
Is 3519991871 a prime number?
False
Is 4574840569 a prime number?
False
Is 6557837971 a prime number?
False
Is 13014597397 a prime number?
True
Is 6954276643 a composite number?
True
Is 11107394711 a prime number?
False
Is 5325976457 composite?
False
Is 754874333 a composite number?
True
Is 733055399 composite?
True
Is 407711966 prime?
False
Is 201310789 composite?
True
Is 7823349299 a composite number?
True
Is 51146610263 a composite number?
True
Is 47036885029 a composite number?
False
Is 11461671239 a composite number?
True
Is 279100453 composite?
False
Is 817573277 a composite number?
False
Is 133062907 a prime number?
True
Is 646480129 a composite number?
False
Is 8133005239 a prime number?
True
Is 158509831 a composite number?
True
Is 26726225107 a composite number?
False
Is 119144581 a composite number?
True
Is 21882894727 a composite number?
False
Is 1197467377 composite?
True
Is 84816300993 a composite number?
True
Is 15228095713 composite?
False
Is 14708644253 prime?
True
Is 4962334541 a composite number?
False
Is 1332653207 a prime number?
True
Is 1189617161 composite?
False
Is 7337657539 a composite number?
True
Is 109050931 prime?
False
Is 5884638421 a composite number?
True
Is 20000651159 prime?
True
Is 10016722649 composite?
True
Is 692369833 a prime number?
True
Is 231806993 composite?
True
Is 481146473 a prime number?
False
Is 3139066829 prime?
True
Is 5406140767 a prime number?
True
Is 53199321959 prime?
False
Is 1827049957 a prime number?
False
Is 24832308841 prime?
False
Is 869828423 a prime number?
False
Is 53589257 composite?
False
Is 4093855231 a composite number?
True
Is 742538813 a prime number?
False
Is 2023019137 a prime number?
True
Is 20256042143 a composite number?
True
Is 37057045427 a composite number?
False
Is 1835807933 composite?
False
Is 7630033231 prime?
False
Is 18091642237 prime?
False
Is 79748579831 a prime number?
False
Is 2589297673 a prime number?
True
Is 3747279059 prime?
True
Is 407280857 prime?
False
Is 3520586843 prime?
True
Is 128370877 a composite number?
True
Is 902388559 prime?
True
Is 2157482681 prime?
True
Is 50561288321 prime?
False
Is 40936270819 composite?
False
Is 7936823023 a composite number?
False
Is 1474757897 a prime number?
True
Is 709145509 a prime number?
False
Is 4199688281 prime?
True
Is 27378073001 a prime number?
True
Is 25599131969 a composite number?
True
Is 7165510063 composite?
False
Is 57745013 a prime number?
True
Is 33820926731 a prime number?
False
Is 1450819511 prime?
False
Is 117174457 prime?
False
Is 1020672659 a composite number?
False
Is 45844315657 prime?
False
Is 11132126851 a composite number?
True
Is 2668164071 a prime number?
False
Is 574697771 a prime number?
True
Is 96614891 a prime number?
False
Is 14975461507 a composite number?
False
Is 6401827 prime?
True
Is 11594836133 a composite number?
True
Is 1253643109 composite?
True
Is 30592770149 a prime number?
True
Is 31441338539 a prime number?
False
Is 17335013 a composite number?
True
Is 564377507939 a prime number?
False
Is 12387878441 a prime number?
True
Is 1084470157 a composite number?
False
Is 72778373905 a composite number?
True
Is 1076356243 prime?
False
Is 6188204201 composite?
False
Is 7265385437 a composite number?
False
Is 144337289 composite?
True
Is 563865461 composite?
False
Is 3964037923 composite?
False
Is 2418222381 composite?
True
Is 4440814727 prime?
False
Is 2098916503 prime?
False
Is 5742125621 a prime number?
True
Is 1264917083 composite?
False
Is 156039170717 a prime number?
False
Is 1577307007 composite?
True
Is 60773939 a prime number?
True
Is 3526272043 a prime number?
False
Is 41171316413 prime?
True
Is 298092914215 a composite number?
True
Is 6387092629 a prime number?
False
Is 110875869743 prime?
True
Is 4114582393 a composite number?
False
Is 5190307231 a composite number?
True
Is 49948243 composite?
False
Is 38292300547 a prime number?
False
Is 201671624351 composite?
False
Is 704209361 a composite number?
True
Is 2642021281 prime?
True
Is 1693603187 prime?
True
Is 27066632927 a prime number?
False
Is 254753327 composite?
True
Is 115951701017 prime?
False
Is 1435915279 a composite number?
False
Is 4583998231 prime?
False
Is 4037245651 composite?
False
Is 32847179173 a composite number?
True
Is 10333140539 a composite number?
True
Is 3776527567 prime?
False
Is 62275957 composite?
True
Is 13938567653 a composite number?
False
Is 7938445519 composite?
False
Is 531881963 composite?
True
Is 1152898013 a composite number?
False
Is 2062466311 a composite number?
True
Is 49941352057 a prime number?
True
Is 17058913 a composite number?
False
Is 70020762257 prime?
False
Is 3327683879 prime?
False
Is 2688023251 a prime number?
True
Is 14306681867 a prime number?
False
Is 1366196063 a composite number?
False
Is 279702691 a prime number?
True
Is 593722751 a composite number?
False
Is 2821307521 a prime number?
False
Is 1040533051 prime?
True
Is 35452836751 a composite number?
True
Is 28562257523 composite?
False
Is 98789631649 a composite number?
False
Is 1066685547 a composite number?
True
Is 1889490997 composite?
False
Is 2152845443 composite?
True
Is 7731802157 a composite number?
False
Is 8502660821 a prime number?
False
Is 48582526769 a composite number?
True
Is 404669867 prime?
False
Is 2243940187 a prime number?
True
Is 51462460703 composite?
True
Is 148872993 composite?
True
Is 2094226817 composite?
False
Is 58588237001 a composite number?
True
Is 4229441542 prime?
False
Is 334346339 a composite number?
True
Is 12402262441 a prime number?
True
Is 1336463589 prime?
False
Is 3259381903 prime?
True
Is 9335514217 composite?
False
Is 9762028399 prime?
False
Is 478806071839 prime?
False
Is 441197699 prime?
False
Is 3134638099 a composite number?
True
Is 25049544839 composite?
True
Is 1028102167 a composite number?
False
Is 7027081093 composite?
True
Is 758489099 prime?
False
Is 3732521693 prime?
False
Is 237790547 composite?
False
Is 6824524073 a prime number?
True
Is 95004703 a composite number?
True
Is 23137469867 composite?
False
Is 24257357573 composite?
False
Is 1159110487 a prime number?
False
Is 148720721 prime?
False
Is 1583222717 a prime number?
False
Is 113560171 composite?
True
Is 15318137069 prime?
Fal